{"id":2349,"date":"2022-10-18T08:51:34","date_gmt":"2022-10-18T08:51:34","guid":{"rendered":"https:\/\/klbtheme.com\/partdo\/?page_id=2349"},"modified":"2025-12-18T14:54:37","modified_gmt":"2025-12-18T14:54:37","slug":"about-us","status":"publish","type":"page","link":"https:\/\/doca.com.pt\/pt_pt_ao90\/about-us\/","title":{"rendered":"Sobre n\u00f3s"},"content":{"rendered":"\t\t<div data-elementor-type=\"wp-page\" data-elementor-id=\"2349\" class=\"elementor elementor-2349\">\n\t\t\t\t\t\t<section class=\"elementor-section elementor-top-section elementor-element elementor-element-be2ed4a elementor-section-full_width elementor-section-height-default elementor-section-height-default\" data-id=\"be2ed4a\" data-element_type=\"section\" data-e-type=\"section\">\n\t\t\t\t\t\t<div class=\"elementor-container elementor-column-gap-no\">\n\t\t\t\t\t<div class=\"elementor-column elementor-col-100 elementor-top-column elementor-element elementor-element-fdb95ef\" data-id=\"fdb95ef\" data-element_type=\"column\" data-e-type=\"column\">\n\t\t\t<div class=\"elementor-widget-wrap elementor-element-populated\">\n\t\t\t\t\t\t<div class=\"elementor-element elementor-element-17b3eae elementor-widget elementor-widget-html\" data-id=\"17b3eae\" data-element_type=\"widget\" data-e-type=\"widget\" data-widget_type=\"html.default\">\n\t\t\t\t\t<!-- IN\u00cdCIO \u2013 BLOCO SOBRE A EMPRESA DOCA (SEM O BLOCO DO PRINT) -->\n<style>\n  .doca-about-section *,\n  .doca-about-section *::before,\n  .doca-about-section *::after { box-sizing: border-box; }\n\n  .doca-about-section{\n    font-family:\"Inter\",system-ui,-apple-system,BlinkMacSystemFont,\"Segoe UI\",sans-serif;\n    color:#111827;\n    background:radial-gradient(circle at top left,#141827 0,#05070b 40%,#05070b 100%);\n    padding-bottom:4rem;\n  }\n\n  .doca-about-wrapper{\n    max-width:1120px;\n    margin:0 auto;\n    padding:0 1.5rem;\n  }\n\n  \/* HERO *\/\n  .doca-about-hero{\n    position:relative;\n    height:320px;\n    display:flex;\n    align-items:center;\n    justify-content:center;\n    text-align:center;\n    overflow:hidden;\n    border-bottom-left-radius:26px;\n    border-bottom-right-radius:26px;\n    box-shadow:0 26px 46px rgba(15,23,42,.75),0 0 0 1px rgba(15,23,42,.75);\n    margin-bottom:0;\n  }\n\n  .doca-about-hero-bg{\n    position:absolute;\n    inset:0;\n    background:\n      linear-gradient(to bottom, rgba(0,0,0,.65), rgba(0,0,0,.9)),\n      url(\"https:\/\/images.pexels.com\/photos\/9770030\/pexels-photo-9770030.jpeg?auto=compress&cs=tinysrgb&w=1600\")\n      center center \/ cover no-repeat;\n    filter:saturate(1.1);\n    transform:scale(1.03);\n  }\n\n  .doca-about-hero-inner{\n    position:relative;\n    max-width:960px;\n    padding:0 1.5rem;\n    color:#f9fafb;\n  }\n\n  .doca-about-title{\n    font-size:clamp(2.1rem,4vw,3rem);\n    font-weight:700;\n    letter-spacing:.03em;\n    margin-bottom:1rem;\n  }\n\n  .doca-about-title span{ color:#ffc425; }\n\n  .doca-about-subtitle{\n    font-size:.98rem;\n    max-width:720px;\n    margin:0 auto;\n    color:rgba(249,250,251,.78);\n  }\n\n  .doca-about-subtitle strong{ color:#fff; }\n\n  \/* CART\u00c3O BRANCO *\/\n  .doca-about-main{ margin-top:-70px; }\n\n  .doca-about-card{\n    background:#fff;\n    border-radius:24px;\n    padding:2.6rem 2.8rem 2.8rem;\n    box-shadow:0 28px 52px rgba(15,23,42,.18),0 0 0 1px rgba(226,232,240,.9);\n  }\n\n  .doca-about-card h2{\n    font-size:1.4rem;\n    font-weight:600;\n    margin-bottom:1.25rem;\n    color:#111827;\n  }\n\n  .doca-about-card p{\n    font-size:.97rem;\n    color:#4b5563;\n    margin-bottom:.9rem;\n  }\n\n  .doca-about-card p.doca-about-lead{\n    font-size:1.02rem;\n    color:#374151;\n  }\n\n  @media (max-width: 960px){\n    .doca-about-card{ padding:2.2rem 1.7rem; }\n    .doca-about-hero{ border-radius:0; }\n  }\n\n  @media (max-width: 640px){\n    .doca-about-main{ margin-top:-55px; }\n    .doca-about-card{ padding:1.9rem 1.4rem 2.1rem; }\n  }\n<\/style>\n\n<section class=\"doca-about-section\">\n  <div class=\"doca-about-wrapper\">\n    <!-- HERO -->\n    <header class=\"doca-about-hero\">\n      <div class=\"doca-about-hero-bg\" aria-hidden=\"true\"><\/div>\n      <div class=\"doca-about-hero-inner\">\n        <h1 class=\"doca-about-title\">\n          SOBRE N\u00d3S <span><\/span>\n        <\/h1>\n        <p class=\"doca-about-subtitle\">\n          Marca portuguesa com <strong>produ\u00e7\u00e3o nacional<\/strong>, especializada em <strong>pe\u00e7as e prote\u00e7\u00f5es CNC<\/strong>\n          para motas de enduro \u2014 feita para aguentar as exig\u00eancias reais do hard enduro.\n        <\/p>\n      <\/div>\n    <\/header>\n\n    <!-- CONTE\u00daDO -->\n    <main class=\"doca-about-main\" aria-labelledby=\"sobre-doca\">\n      <article class=\"doca-about-card\" id=\"sobre-doca\">\n        <h2>Empresa DOCA em Portugal<\/h2>\n\n        <p class=\"doca-about-lead\">\n          A DOCA Enduroline \u00e9 uma marca portuguesa com produ\u00e7\u00e3o nacional, especializada no desenvolvimento e fabrico\n          de pe\u00e7as e prote\u00e7\u00f5es CNC para motos de enduro, concebidas para responder \u00e0s exig\u00eancias reais do hard enduro.\n        <\/p>\n\n        <p>\n          Os produtos DOCA Enduroline s\u00e3o desenvolvidos para oferecer resist\u00eancia, fiabilidade e durabilidade, mesmo em\n          condi\u00e7\u00f5es extremas. Cada pe\u00e7a \u00e9 projetada com foco na robustez, no encaixe correto e no desempenho consistente,\n          permitindo ao utilizador confiar plenamente no equipamento em qualquer situa\u00e7\u00e3o.\n        <\/p>\n\n        <p>\n          A DOCA Enduroline \u00e9 respons\u00e1vel pelo desenvolvimento direto das suas pe\u00e7as, mantendo controlo total sobre o design,\n          testes e evolu\u00e7\u00e3o dos produtos. O contacto pr\u00f3ximo com os clientes permite incorporar melhorias cont\u00ednuas com base\n          em utiliza\u00e7\u00e3o real, garantindo que cada solu\u00e7\u00e3o responde a necessidades concretas no terreno.\n        <\/p>\n\n        <p>\n          Com uma abordagem orientada para a melhoria cont\u00ednua, a DOCA Enduroline analisa, ajusta e evolui constantemente os\n          seus produtos, assegurando elevados padr\u00f5es de qualidade e consist\u00eancia. O resultado s\u00e3o pe\u00e7as funcionais, fi\u00e1veis\n          e preparadas para os maiores desafios do enduro.\n        <\/p>\n\n        <!-- (REMOVIDO) BLOCO DO PRINT: imagem + \u201cMais do que pe\u00e7as\u2026\u201d + lista + contactos -->\n      <\/article>\n    <\/main>\n  <\/div>\n<\/section>\n<!-- FIM \u2013 BLOCO SOBRE A EMPRESA DOCA (SEM O BLOCO DO PRINT) -->\n\t\t\t\t<\/div>\n\t\t\t\t\t<\/div>\n\t\t<\/div>\n\t\t\t\t\t<\/div>\n\t\t<\/section>\n\t\t\t\t<\/div>\n\t\t","protected":false},"excerpt":{"rendered":"<p>SOBRE N\u00d3S Marca portuguesa com produ\u00e7\u00e3o nacional, especializada em pe\u00e7as e prote\u00e7\u00f5es CNC para motas de enduro \u2014 feita para aguentar as exig\u00eancias reais do hard enduro. Empresa DOCA em Portugal A DOCA Enduroline \u00e9 uma marca portuguesa com produ\u00e7\u00e3o nacional, especializada no desenvolvimento e fabrico de pe\u00e7as e prote\u00e7\u00f5es CNC para motos de enduro,<\/p>\n<div class=\"klb-readmore button\"><a class=\"btn link\" href=\"https:\/\/doca.com.pt\/pt_pt_ao90\/about-us\/\">Read More <i class=\"klbth-icon-right-arrow\"><\/i><\/a><\/div>\n","protected":false},"author":1,"featured_media":0,"parent":0,"menu_order":0,"comment_status":"closed","ping_status":"closed","template":"","meta":{"footnotes":""},"class_list":["post-2349","page","type-page","status-publish","hentry"],"_links":{"self":[{"href":"https:\/\/doca.com.pt\/pt_pt_ao90\/wp-json\/wp\/v2\/pages\/2349","targetHints":{"allow":["GET"]}}],"collection":[{"href":"https:\/\/doca.com.pt\/pt_pt_ao90\/wp-json\/wp\/v2\/pages"}],"about":[{"href":"https:\/\/doca.com.pt\/pt_pt_ao90\/wp-json\/wp\/v2\/types\/page"}],"author":[{"embeddable":true,"href":"https:\/\/doca.com.pt\/pt_pt_ao90\/wp-json\/wp\/v2\/users\/1"}],"replies":[{"embeddable":true,"href":"https:\/\/doca.com.pt\/pt_pt_ao90\/wp-json\/wp\/v2\/comments?post=2349"}],"version-history":[{"count":29,"href":"https:\/\/doca.com.pt\/pt_pt_ao90\/wp-json\/wp\/v2\/pages\/2349\/revisions"}],"predecessor-version":[{"id":5747,"href":"https:\/\/doca.com.pt\/pt_pt_ao90\/wp-json\/wp\/v2\/pages\/2349\/revisions\/5747"}],"wp:attachment":[{"href":"https:\/\/doca.com.pt\/pt_pt_ao90\/wp-json\/wp\/v2\/media?parent=2349"}],"curies":[{"name":"wp","href":"https:\/\/api.w.org\/{rel}","templated":true}]}}