{"id":3132,"date":"2022-10-21T08:15:32","date_gmt":"2022-10-21T08:15:32","guid":{"rendered":"https:\/\/klbtheme.com\/partdo\/?post_type=product&#038;p=3132"},"modified":"2026-04-06T12:18:22","modified_gmt":"2026-04-06T12:18:22","slug":"vision-147-daytona-hyper-silver","status":"publish","type":"product","link":"https:\/\/doca.com.pt\/pt_pt_ao90\/product\/vision-147-daytona-hyper-silver\/","title":{"rendered":"Prote\u00e7\u00e3o de Disco Traseiro HULK Completa \u2013 KTM\/Husqvarna [04-23] \u2013 Eixo 25 mm"},"content":{"rendered":"<p data-start=\"320\" data-end=\"643\">A Prote\u00e7\u00e3o de Disco Traseiro HULK \u00e9 uma das solu\u00e7\u00f5es <strong data-start=\"373\" data-end=\"427\">mais reconhecidas e comprovadas no enduro nacional<\/strong>, conhecida pela sua resist\u00eancia extrema e fiabilidade em competi\u00e7\u00e3o. Desenvolvida em <strong data-start=\"513\" data-end=\"539\">alum\u00ednio maquinado CNC<\/strong>, garante um encaixe perfeito e prote\u00e7\u00e3o superior contra impactos de pedras, ra\u00edzes e outros obst\u00e1culos.<\/p>\n<p data-start=\"645\" data-end=\"882\">A prote\u00e7\u00e3o inferior \u00e9 <strong data-start=\"667\" data-end=\"683\">substitu\u00edvel<\/strong> e possui <strong data-start=\"693\" data-end=\"717\">12 mm de espessura<\/strong>, assegurando uma longa vida \u00fatil e manuten\u00e7\u00e3o f\u00e1cil. Cada pe\u00e7a \u00e9 fabricada em <strong data-start=\"796\" data-end=\"828\">Portugal pela DOCAenduroline<\/strong>, sin\u00f3nimo de precis\u00e3o, robustez e aten\u00e7\u00e3o ao detalhe.<\/p>\n<hr data-start=\"884\" data-end=\"887\" \/>\n<h2 data-start=\"889\" data-end=\"922\"><strong data-start=\"892\" data-end=\"922\">Caracter\u00edsticas Principais<\/strong><\/h2>\n<ul data-start=\"923\" data-end=\"1221\">\n<li data-start=\"923\" data-end=\"988\">\n<p data-start=\"925\" data-end=\"988\">Suporte de pin\u00e7a com prote\u00e7\u00e3o integrada para o disco traseiro<\/p>\n<\/li>\n<li data-start=\"989\" data-end=\"1052\">\n<p data-start=\"991\" data-end=\"1052\">Constru\u00e7\u00e3o em <strong data-start=\"1005\" data-end=\"1031\">alum\u00ednio maquinado CNC<\/strong> \u2014 elevada robustez<\/p>\n<\/li>\n<li data-start=\"1053\" data-end=\"1101\">\n<p data-start=\"1055\" data-end=\"1101\"><strong data-start=\"1055\" data-end=\"1099\">Prote\u00e7\u00e3o inferior substitu\u00edvel \u2013 12 mm<\/strong><\/p>\n<\/li>\n<li data-start=\"1102\" data-end=\"1145\">\n<p data-start=\"1104\" data-end=\"1145\">Reputa\u00e7\u00e3o comprovada no mundo do enduro<\/p>\n<\/li>\n<li data-start=\"1146\" data-end=\"1221\">\n<p data-start=\"1148\" data-end=\"1221\">Produ\u00e7\u00e3o nacional com controlo rigoroso de qualidade \u2014 <strong data-start=\"1203\" data-end=\"1221\">DOCAenduroline<\/strong><\/p>\n<\/li>\n<\/ul>\n<h2 data-start=\"228\" data-end=\"250\"><strong data-start=\"231\" data-end=\"250\">Compatibilidade<\/strong><\/h2>\n<h3 data-start=\"252\" data-end=\"263\"><strong data-start=\"256\" data-end=\"263\">KTM<\/strong><\/h3>\n<ul data-start=\"264\" data-end=\"308\">\n<li data-start=\"264\" data-end=\"308\">\n<p data-start=\"266\" data-end=\"308\">125\u2013530 SX \/ SX-F \/ XC-W<strong data-start=\"266\" data-end=\"308\"> \u2014 2004 a 2023<\/strong><\/p>\n<\/li>\n<\/ul>\n<h3 data-start=\"310\" data-end=\"327\"><strong data-start=\"314\" data-end=\"327\">Husqvarna<\/strong><\/h3>\n<ul data-start=\"328\" data-end=\"441\">\n<li data-start=\"328\" data-end=\"359\">\n<p data-start=\"330\" data-end=\"359\">FC 250 \/ 350 \/ 450<strong data-start=\"330\" data-end=\"359\"> \u2014 2015<\/strong><\/p>\n<\/li>\n<li data-start=\"360\" data-end=\"405\">\n<p data-start=\"362\" data-end=\"405\">TC \/ FC \/ TX \/ FX 125\u2013450<strong data-start=\"362\" data-end=\"405\"> \u2014 2016 a 2017<\/strong><\/p>\n<\/li>\n<li data-start=\"406\" data-end=\"441\">\n<p data-start=\"408\" data-end=\"441\">TC \/ FC 125\u2013450 \u2014<strong data-start=\"408\" data-end=\"441\"> 2019 a 2020<\/strong><\/p>\n<\/li>\n<\/ul>\n","protected":false},"excerpt":{"rendered":"<ul>\n<li data-start=\"236\" data-end=\"350\"><strong>A prote\u00e7\u00e3o N\u00ba1 para quem quer o melhor <\/strong><\/li>\n<li data-start=\"236\" data-end=\"350\"><strong>A solu\u00e7\u00e3o mais resistente e confi\u00e1vel que podes colocar na tua moto<\/strong><\/li>\n<li data-start=\"353\" data-end=\"426\"><strong>Constru\u00edda para impactos extremos \u2014 ideal para enduro e hard enduro<\/strong><\/li>\n<li data-start=\"429\" data-end=\"500\"><strong>Escolhida por pilotos que exigem desempenho m\u00e1ximo e prote\u00e7\u00e3o total<\/strong><\/li>\n<\/ul>\n","protected":false},"featured_media":4556,"comment_status":"open","ping_status":"closed","template":"","meta":[],"product_brand":[],"product_cat":[204],"product_tag":[],"class_list":{"0":"post-3132","1":"product","2":"type-product","3":"status-publish","4":"has-post-thumbnail","6":"product_cat-protecao-disco-de-tras","8":"first","9":"instock","10":"shipping-taxable","11":"purchasable","12":"product-type-simple"},"_links":{"self":[{"href":"https:\/\/doca.com.pt\/pt_pt_ao90\/wp-json\/wp\/v2\/product\/3132","targetHints":{"allow":["GET"]}}],"collection":[{"href":"https:\/\/doca.com.pt\/pt_pt_ao90\/wp-json\/wp\/v2\/product"}],"about":[{"href":"https:\/\/doca.com.pt\/pt_pt_ao90\/wp-json\/wp\/v2\/types\/product"}],"replies":[{"embeddable":true,"href":"https:\/\/doca.com.pt\/pt_pt_ao90\/wp-json\/wp\/v2\/comments?post=3132"}],"wp:featuredmedia":[{"embeddable":true,"href":"https:\/\/doca.com.pt\/pt_pt_ao90\/wp-json\/wp\/v2\/media\/4556"}],"wp:attachment":[{"href":"https:\/\/doca.com.pt\/pt_pt_ao90\/wp-json\/wp\/v2\/media?parent=3132"}],"wp:term":[{"taxonomy":"product_brand","embeddable":true,"href":"https:\/\/doca.com.pt\/pt_pt_ao90\/wp-json\/wp\/v2\/product_brand?post=3132"},{"taxonomy":"product_cat","embeddable":true,"href":"https:\/\/doca.com.pt\/pt_pt_ao90\/wp-json\/wp\/v2\/product_cat?post=3132"},{"taxonomy":"product_tag","embeddable":true,"href":"https:\/\/doca.com.pt\/pt_pt_ao90\/wp-json\/wp\/v2\/product_tag?post=3132"}],"curies":[{"name":"wp","href":"https:\/\/api.w.org\/{rel}","templated":true}]}}