{"id":4636,"date":"2025-11-23T19:09:41","date_gmt":"2025-11-23T19:09:41","guid":{"rendered":"https:\/\/doca.com.pt\/?post_type=product&#038;p=4636"},"modified":"2026-04-06T19:34:02","modified_gmt":"2026-04-06T19:34:02","slug":"kit-de-protecoes-das-bombas-de-travao-e-embraiagem-modelos-brembo","status":"publish","type":"product","link":"https:\/\/doca.com.pt\/pt_pt_ao90\/product\/kit-de-protecoes-das-bombas-de-travao-e-embraiagem-modelos-brembo\/","title":{"rendered":"Kit de Prote\u00e7\u00f5es das Bombas de Trav\u00e3o e Embraiagem modelos Brembo"},"content":{"rendered":"<p data-start=\"202\" data-end=\"400\">A prote\u00e7\u00e3o DOCAenduroline para bombas Brembo foi desenvolvida para oferecer m\u00e1xima resist\u00eancia, precis\u00e3o e durabilidade, garantindo seguran\u00e7a extra aos componentes hidr\u00e1ulicos mais expostos da moto.<\/p>\n<p data-start=\"402\" data-end=\"719\">Fabricada em <strong data-start=\"415\" data-end=\"441\">alum\u00ednio maquinado CNC<\/strong>, assegura um encaixe perfeito e uma prote\u00e7\u00e3o s\u00f3lida contra impactos, galhos, quedas laterais e contacto acidental com obst\u00e1culos. O acabamento <strong data-start=\"585\" data-end=\"607\">anodizado em preto<\/strong> confere maior resist\u00eancia ao desgaste e um visual premium, adequado a motos de enduro, hard enduro e motocross.<\/p>\n<p data-start=\"721\" data-end=\"912\">A instala\u00e7\u00e3o \u00e9 extremamente simples e r\u00e1pida, n\u00e3o sendo necess\u00e1rio modificar qualquer componente da moto.<br data-start=\"826\" data-end=\"829\" \/>Compat\u00edvel com <strong data-start=\"844\" data-end=\"861\">bombas Brembo<\/strong> utilizadas em modelos <strong data-start=\"884\" data-end=\"911\">KTM, Husqvarna e Sherco<\/strong>.<\/p>\n<p data-start=\"721\" data-end=\"912\"><strong data-start=\"916\" data-end=\"936\">Nota importante:<\/strong> <em data-start=\"937\" data-end=\"978\">N\u00e3o \u00e9 compat\u00edvel com guiadores Renthal.<\/em><\/p>\n<ul>\n<li data-start=\"1020\" data-end=\"1087\">\n<p data-start=\"1022\" data-end=\"1087\">Fabricado em alum\u00ednio de alta qualidade pela <strong data-start=\"1067\" data-end=\"1085\">DOCAenduroline<\/strong><\/p>\n<\/li>\n<li data-start=\"1088\" data-end=\"1148\">\n<p data-start=\"1090\" data-end=\"1148\">Encaixe perfeito<\/p>\n<\/li>\n<li data-start=\"1088\" data-end=\"1148\">\n<p data-start=\"1090\" data-end=\"1148\">Acabamento anodizado preto<\/p>\n<\/li>\n<li data-start=\"1218\" data-end=\"1263\">\n<p data-start=\"1220\" data-end=\"1263\">Instala\u00e7\u00e3o r\u00e1pida e f\u00e1cil, sem adapta\u00e7\u00f5es<\/p>\n<\/li>\n<li data-start=\"1264\" data-end=\"1327\">\n<p data-start=\"1266\" data-end=\"1327\">Compat\u00edvel com <strong data-start=\"1281\" data-end=\"1298\">bombas Brembo<\/strong> de KTM, Husqvarna e Sherco<\/p>\n<\/li>\n<li data-start=\"1328\" data-end=\"1370\">\n<p data-start=\"1330\" data-end=\"1370\"><strong data-start=\"1330\" data-end=\"1370\">N\u00e3o compat\u00edvel com guiadores Renthal<\/strong><\/p>\n<\/li>\n<\/ul>\n","protected":false},"excerpt":{"rendered":"<p>A prote\u00e7\u00e3o DOCAenduroline para bombas Brembo foi desenvolvida para oferecer m\u00e1xima resist\u00eancia, precis\u00e3o e durabilidade, garantindo seguran\u00e7a extra aos componentes hidr\u00e1ulicos mais expostos da moto. Fabricada em alum\u00ednio maquinado CNC, assegura um encaixe perfeito e uma prote\u00e7\u00e3o s\u00f3lida contra impactos, galhos, quedas laterais e contacto acidental com obst\u00e1culos. O acabamento anodizado em preto confere maior<\/p>\n<div class=\"klb-readmore button\"><a class=\"btn link\" href=\"https:\/\/doca.com.pt\/pt_pt_ao90\/product\/kit-de-protecoes-das-bombas-de-travao-e-embraiagem-modelos-brembo\/\">Read More <i class=\"klbth-icon-right-arrow\"><\/i><\/a><\/div>\n","protected":false},"featured_media":4637,"comment_status":"open","ping_status":"closed","template":"","meta":[],"product_brand":[],"product_cat":[227],"product_tag":[],"class_list":{"0":"post-4636","1":"product","2":"type-product","3":"status-publish","4":"has-post-thumbnail","6":"product_cat-protecao-bombites-protecoes","8":"first","9":"instock","10":"shipping-taxable","11":"purchasable","12":"product-type-simple"},"_links":{"self":[{"href":"https:\/\/doca.com.pt\/pt_pt_ao90\/wp-json\/wp\/v2\/product\/4636","targetHints":{"allow":["GET"]}}],"collection":[{"href":"https:\/\/doca.com.pt\/pt_pt_ao90\/wp-json\/wp\/v2\/product"}],"about":[{"href":"https:\/\/doca.com.pt\/pt_pt_ao90\/wp-json\/wp\/v2\/types\/product"}],"replies":[{"embeddable":true,"href":"https:\/\/doca.com.pt\/pt_pt_ao90\/wp-json\/wp\/v2\/comments?post=4636"}],"wp:featuredmedia":[{"embeddable":true,"href":"https:\/\/doca.com.pt\/pt_pt_ao90\/wp-json\/wp\/v2\/media\/4637"}],"wp:attachment":[{"href":"https:\/\/doca.com.pt\/pt_pt_ao90\/wp-json\/wp\/v2\/media?parent=4636"}],"wp:term":[{"taxonomy":"product_brand","embeddable":true,"href":"https:\/\/doca.com.pt\/pt_pt_ao90\/wp-json\/wp\/v2\/product_brand?post=4636"},{"taxonomy":"product_cat","embeddable":true,"href":"https:\/\/doca.com.pt\/pt_pt_ao90\/wp-json\/wp\/v2\/product_cat?post=4636"},{"taxonomy":"product_tag","embeddable":true,"href":"https:\/\/doca.com.pt\/pt_pt_ao90\/wp-json\/wp\/v2\/product_tag?post=4636"}],"curies":[{"name":"wp","href":"https:\/\/api.w.org\/{rel}","templated":true}]}}